{"id":1076,"date":"2025-10-24T19:47:14","date_gmt":"2025-10-24T17:47:14","guid":{"rendered":"https:\/\/sof2.jmstudios.es\/?post_type=product&#038;p=1076"},"modified":"2026-02-22T00:10:17","modified_gmt":"2026-02-21T23:10:17","slug":"mcafee-internet-security-para-10-dispositivos-1-ano","status":"publish","type":"product","link":"https:\/\/sof2.jmstudios.es\/?product=mcafee-internet-security-para-10-dispositivos-1-ano","title":{"rendered":"McAfee Internet Security para 10 Dispositivos \u2013 1 a\u00f1o"},"content":{"rendered":"<p>Licencia antivirus McAfee 100% original<\/p>\n<p>Licencia global multiling\u00fce.<br \/>\nProtecci\u00f3n para PCs, Macs, smartphones y tablets (iOS y Android).<br \/>\nProtecci\u00f3n hasta 10 dispositivos durante 1 a\u00f1o.<br \/>\nRecibes la licencia en tu correo electr\u00f3nico<br \/>\nPago seguro y soporte gratuito<\/p>\n<p>Importante: Esta oferta es exclusiva para nuevos usuarios de McAfee. Si deseas aprovecharla, deber\u00e1s crear una cuenta de usuario en McAfee nueva al validar la licencia. Ten en cuenta que esta licencia no es v\u00e1lida para renovaciones de cuentas existentes.<\/p>\n<p>Se env\u00eda en formato digital.<br \/>\nMcAfee Internet Security: Protecci\u00f3n para PCs, Macs, smartphones y tablets (hasta 10 dispositivos)<br \/>\nMcAfee Internet Security combina en un solo paquete el premiado antivirus basado en la nube y la protecci\u00f3n web inteligente para defender los equipos.<br \/>\nSiempre actualizado: nuestro software se actualiza autom\u00e1ticamente para garantizar que tenga la \u00faltima protecci\u00f3n<\/p>\n<p>Ventajas principales de McAfee Internet Security:<br \/>\nEs una protecci\u00f3n f\u00e1cil de usar que defiende frente a virus, ransomware y otras amenazas online.<br \/>\nNavegue con confianza y mant\u00e9ngase alejado de peligros online como el malware, phishing y las descargas maliciosas.<br \/>\nProteja y gestione las contrase\u00f1as de forma sencilla utilizando el administrador de contrase\u00f1as.<br \/>\nIncluye nuestra garant\u00eda total: eliminamos los virus o le devolvemos el dinero.*1<br \/>\nCaracter\u00edsticas:<br \/>\nAntivirus de reconocido prestigio. Defi\u00e9ndase frente a virus, ransomware y amenazas online con la protecci\u00f3n tanto online, basada en la nube, como sin conexi\u00f3n.<br \/>\nMcAfee WebAdvisor. Advierte de los sitios web de riesgo y evita las descargas peligrosas y los ataques de phishing.<br \/>\nPC Boost. Mejora el rendimiento del navegador y las aplicaciones de los ordenadores para poder dedicar m\u00e1s tiempo a lo que es importante.<br \/>\nAdministrador de contrase\u00f1as. Gestione, rellene autom\u00e1ticamente e incluso genere contrase\u00f1as exclusivas con el administrador de contrase\u00f1as.<br \/>\nAntispam. Detiene el correo basura que satura la bandeja de entrada con nuestro filtro antispam para Microsoft Outlook.<br \/>\nServicio de atenci\u00f3n al cliente gratuito. Disponible por tel\u00e9fono, chat u online durante la vigencia de su suscripci\u00f3n.<br \/>\nGarant\u00eda de protecci\u00f3n frente a virus. Garant\u00eda total: un experto de McAfee eliminar\u00e1 el virus o le devolveremos el dinero. Requiere la inscripci\u00f3n en el servicio de renovaci\u00f3n autom\u00e1tica; puede haber condiciones adicionales.*<\/p>\n","protected":false},"excerpt":{"rendered":"<p>Licencia antivirus McAfee 100% original<\/p>\n<p>Licencia global multiling\u00fce.<br \/>\nProtecci\u00f3n para PCs, Macs, smartphones y tablets (iOS y Android).<br \/>\nProtecci\u00f3n hasta 10 dispositivos durante 1 a\u00f1o.<br \/>\nRecibes la licencia en tu correo electr\u00f3nico<br \/>\nPago seguro y soporte gratuito<\/p>\n","protected":false},"featured_media":1091,"comment_status":"open","ping_status":"closed","template":"","meta":[],"product_brand":[],"product_cat":[67],"product_tag":[37,35],"class_list":{"0":"post-1076","1":"product","2":"type-product","3":"status-publish","4":"has-post-thumbnail","6":"product_cat-antivirus","7":"product_tag-licencia","8":"product_tag-sofware","10":"first","11":"instock","12":"sale","13":"virtual","14":"taxable","15":"purchasable","16":"product-type-simple"},"yoast_head":"<!-- This site is optimized with the Yoast SEO plugin v27.5 - https:\/\/yoast.com\/product\/yoast-seo-wordpress\/ -->\n<title>McAfee Internet Security para 10 Dispositivos \u2013 1 a\u00f1o - Software F\u00e1cil<\/title>\n<meta name=\"robots\" content=\"noindex, follow, max-snippet:-1, max-image-preview:large, max-video-preview:-1\" \/>\n<meta property=\"og:locale\" content=\"es_ES\" \/>\n<meta property=\"og:type\" content=\"article\" \/>\n<meta property=\"og:title\" content=\"McAfee Internet Security para 10 Dispositivos \u2013 1 a\u00f1o - Software F\u00e1cil\" \/>\n<meta property=\"og:description\" content=\"Licencia antivirus McAfee 100% original  Licencia global multiling\u00fce. Protecci\u00f3n para PCs, Macs, smartphones y tablets (iOS y Android). Protecci\u00f3n hasta 10 dispositivos durante 1 a\u00f1o. Recibes la licencia en tu correo electr\u00f3nico Pago seguro y soporte gratuito\" \/>\n<meta property=\"og:url\" content=\"https:\/\/sof2.jmstudios.es\/product\/mcafee-internet-security-para-10-dispositivos-1-ano\/\" \/>\n<meta property=\"og:site_name\" content=\"Software F\u00e1cil\" \/>\n<meta property=\"article:modified_time\" content=\"2026-02-21T23:10:17+00:00\" \/>\n<meta property=\"og:image\" content=\"https:\/\/sof2.jmstudios.es\/wp-content\/uploads\/2025\/10\/licencia-antivirus-mcafee-internet-security-600x600-1-e1771715349430.webp\" \/>\n\t<meta property=\"og:image:width\" content=\"346\" \/>\n\t<meta property=\"og:image:height\" content=\"512\" \/>\n\t<meta property=\"og:image:type\" content=\"image\/webp\" \/>\n<meta name=\"twitter:card\" content=\"summary_large_image\" \/>\n<meta name=\"twitter:label1\" content=\"Tiempo de lectura\" \/>\n\t<meta name=\"twitter:data1\" content=\"2 minutos\" \/>\n<script type=\"application\/ld+json\" class=\"yoast-schema-graph\">{\"@context\":\"https:\\\/\\\/schema.org\",\"@graph\":[{\"@type\":\"WebPage\",\"@id\":\"https:\\\/\\\/sof2.jmstudios.es\\\/product\\\/mcafee-internet-security-para-10-dispositivos-1-ano\\\/\",\"url\":\"https:\\\/\\\/sof2.jmstudios.es\\\/product\\\/mcafee-internet-security-para-10-dispositivos-1-ano\\\/\",\"name\":\"McAfee Internet Security para 10 Dispositivos \u2013 1 a\u00f1o - Software F\u00e1cil\",\"isPartOf\":{\"@id\":\"https:\\\/\\\/sof2.jmstudios.es\\\/#website\"},\"primaryImageOfPage\":{\"@id\":\"https:\\\/\\\/sof2.jmstudios.es\\\/product\\\/mcafee-internet-security-para-10-dispositivos-1-ano\\\/#primaryimage\"},\"image\":{\"@id\":\"https:\\\/\\\/sof2.jmstudios.es\\\/product\\\/mcafee-internet-security-para-10-dispositivos-1-ano\\\/#primaryimage\"},\"thumbnailUrl\":\"https:\\\/\\\/sof2.jmstudios.es\\\/wp-content\\\/uploads\\\/2025\\\/10\\\/licencia-antivirus-mcafee-internet-security-600x600-1-e1771715349430.webp\",\"datePublished\":\"2025-10-24T17:47:14+00:00\",\"dateModified\":\"2026-02-21T23:10:17+00:00\",\"breadcrumb\":{\"@id\":\"https:\\\/\\\/sof2.jmstudios.es\\\/product\\\/mcafee-internet-security-para-10-dispositivos-1-ano\\\/#breadcrumb\"},\"inLanguage\":\"es\",\"potentialAction\":[{\"@type\":\"ReadAction\",\"target\":[\"https:\\\/\\\/sof2.jmstudios.es\\\/product\\\/mcafee-internet-security-para-10-dispositivos-1-ano\\\/\"]}]},{\"@type\":\"ImageObject\",\"inLanguage\":\"es\",\"@id\":\"https:\\\/\\\/sof2.jmstudios.es\\\/product\\\/mcafee-internet-security-para-10-dispositivos-1-ano\\\/#primaryimage\",\"url\":\"https:\\\/\\\/sof2.jmstudios.es\\\/wp-content\\\/uploads\\\/2025\\\/10\\\/licencia-antivirus-mcafee-internet-security-600x600-1-e1771715349430.webp\",\"contentUrl\":\"https:\\\/\\\/sof2.jmstudios.es\\\/wp-content\\\/uploads\\\/2025\\\/10\\\/licencia-antivirus-mcafee-internet-security-600x600-1-e1771715349430.webp\",\"width\":346,\"height\":512},{\"@type\":\"BreadcrumbList\",\"@id\":\"https:\\\/\\\/sof2.jmstudios.es\\\/product\\\/mcafee-internet-security-para-10-dispositivos-1-ano\\\/#breadcrumb\",\"itemListElement\":[{\"@type\":\"ListItem\",\"position\":1,\"name\":\"Portada\",\"item\":\"https:\\\/\\\/sof2.jmstudios.es\\\/\"},{\"@type\":\"ListItem\",\"position\":2,\"name\":\"Productos\",\"item\":\"https:\\\/\\\/sof2.jmstudios.es\\\/shop\\\/\"},{\"@type\":\"ListItem\",\"position\":3,\"name\":\"McAfee Internet Security para 10 Dispositivos \u2013 1 a\u00f1o\"}]},{\"@type\":\"WebSite\",\"@id\":\"https:\\\/\\\/sof2.jmstudios.es\\\/#website\",\"url\":\"https:\\\/\\\/sof2.jmstudios.es\\\/\",\"name\":\"Software F\u00e1cil\",\"description\":\" WooCommerce Template For Toy Store\",\"publisher\":{\"@id\":\"https:\\\/\\\/sof2.jmstudios.es\\\/#organization\"},\"potentialAction\":[{\"@type\":\"SearchAction\",\"target\":{\"@type\":\"EntryPoint\",\"urlTemplate\":\"https:\\\/\\\/sof2.jmstudios.es\\\/?s={search_term_string}\"},\"query-input\":{\"@type\":\"PropertyValueSpecification\",\"valueRequired\":true,\"valueName\":\"search_term_string\"}}],\"inLanguage\":\"es\"},{\"@type\":\"Organization\",\"@id\":\"https:\\\/\\\/sof2.jmstudios.es\\\/#organization\",\"name\":\"Software F\u00e1cil\",\"url\":\"https:\\\/\\\/sof2.jmstudios.es\\\/\",\"logo\":{\"@type\":\"ImageObject\",\"inLanguage\":\"es\",\"@id\":\"https:\\\/\\\/sof2.jmstudios.es\\\/#\\\/schema\\\/logo\\\/image\\\/\",\"url\":\"https:\\\/\\\/sof2.jmstudios.es\\\/wp-content\\\/uploads\\\/2025\\\/10\\\/cropped-software_facil_logo-e1767484425268.png\",\"contentUrl\":\"https:\\\/\\\/sof2.jmstudios.es\\\/wp-content\\\/uploads\\\/2025\\\/10\\\/cropped-software_facil_logo-e1767484425268.png\",\"width\":400,\"height\":114,\"caption\":\"Software F\u00e1cil\"},\"image\":{\"@id\":\"https:\\\/\\\/sof2.jmstudios.es\\\/#\\\/schema\\\/logo\\\/image\\\/\"}}]}<\/script>\n<!-- \/ Yoast SEO plugin. -->","yoast_head_json":{"title":"McAfee Internet Security para 10 Dispositivos \u2013 1 a\u00f1o - Software F\u00e1cil","robots":{"index":"noindex","follow":"follow","max-snippet":"max-snippet:-1","max-image-preview":"max-image-preview:large","max-video-preview":"max-video-preview:-1"},"og_locale":"es_ES","og_type":"article","og_title":"McAfee Internet Security para 10 Dispositivos \u2013 1 a\u00f1o - Software F\u00e1cil","og_description":"Licencia antivirus McAfee 100% original  Licencia global multiling\u00fce. Protecci\u00f3n para PCs, Macs, smartphones y tablets (iOS y Android). Protecci\u00f3n hasta 10 dispositivos durante 1 a\u00f1o. Recibes la licencia en tu correo electr\u00f3nico Pago seguro y soporte gratuito","og_url":"https:\/\/sof2.jmstudios.es\/product\/mcafee-internet-security-para-10-dispositivos-1-ano\/","og_site_name":"Software F\u00e1cil","article_modified_time":"2026-02-21T23:10:17+00:00","og_image":[{"width":346,"height":512,"url":"https:\/\/sof2.jmstudios.es\/wp-content\/uploads\/2025\/10\/licencia-antivirus-mcafee-internet-security-600x600-1-e1771715349430.webp","type":"image\/webp"}],"twitter_card":"summary_large_image","twitter_misc":{"Tiempo de lectura":"2 minutos"},"schema":{"@context":"https:\/\/schema.org","@graph":[{"@type":"WebPage","@id":"https:\/\/sof2.jmstudios.es\/product\/mcafee-internet-security-para-10-dispositivos-1-ano\/","url":"https:\/\/sof2.jmstudios.es\/product\/mcafee-internet-security-para-10-dispositivos-1-ano\/","name":"McAfee Internet Security para 10 Dispositivos \u2013 1 a\u00f1o - Software F\u00e1cil","isPartOf":{"@id":"https:\/\/sof2.jmstudios.es\/#website"},"primaryImageOfPage":{"@id":"https:\/\/sof2.jmstudios.es\/product\/mcafee-internet-security-para-10-dispositivos-1-ano\/#primaryimage"},"image":{"@id":"https:\/\/sof2.jmstudios.es\/product\/mcafee-internet-security-para-10-dispositivos-1-ano\/#primaryimage"},"thumbnailUrl":"https:\/\/sof2.jmstudios.es\/wp-content\/uploads\/2025\/10\/licencia-antivirus-mcafee-internet-security-600x600-1-e1771715349430.webp","datePublished":"2025-10-24T17:47:14+00:00","dateModified":"2026-02-21T23:10:17+00:00","breadcrumb":{"@id":"https:\/\/sof2.jmstudios.es\/product\/mcafee-internet-security-para-10-dispositivos-1-ano\/#breadcrumb"},"inLanguage":"es","potentialAction":[{"@type":"ReadAction","target":["https:\/\/sof2.jmstudios.es\/product\/mcafee-internet-security-para-10-dispositivos-1-ano\/"]}]},{"@type":"ImageObject","inLanguage":"es","@id":"https:\/\/sof2.jmstudios.es\/product\/mcafee-internet-security-para-10-dispositivos-1-ano\/#primaryimage","url":"https:\/\/sof2.jmstudios.es\/wp-content\/uploads\/2025\/10\/licencia-antivirus-mcafee-internet-security-600x600-1-e1771715349430.webp","contentUrl":"https:\/\/sof2.jmstudios.es\/wp-content\/uploads\/2025\/10\/licencia-antivirus-mcafee-internet-security-600x600-1-e1771715349430.webp","width":346,"height":512},{"@type":"BreadcrumbList","@id":"https:\/\/sof2.jmstudios.es\/product\/mcafee-internet-security-para-10-dispositivos-1-ano\/#breadcrumb","itemListElement":[{"@type":"ListItem","position":1,"name":"Portada","item":"https:\/\/sof2.jmstudios.es\/"},{"@type":"ListItem","position":2,"name":"Productos","item":"https:\/\/sof2.jmstudios.es\/shop\/"},{"@type":"ListItem","position":3,"name":"McAfee Internet Security para 10 Dispositivos \u2013 1 a\u00f1o"}]},{"@type":"WebSite","@id":"https:\/\/sof2.jmstudios.es\/#website","url":"https:\/\/sof2.jmstudios.es\/","name":"Software F\u00e1cil","description":" WooCommerce Template For Toy Store","publisher":{"@id":"https:\/\/sof2.jmstudios.es\/#organization"},"potentialAction":[{"@type":"SearchAction","target":{"@type":"EntryPoint","urlTemplate":"https:\/\/sof2.jmstudios.es\/?s={search_term_string}"},"query-input":{"@type":"PropertyValueSpecification","valueRequired":true,"valueName":"search_term_string"}}],"inLanguage":"es"},{"@type":"Organization","@id":"https:\/\/sof2.jmstudios.es\/#organization","name":"Software F\u00e1cil","url":"https:\/\/sof2.jmstudios.es\/","logo":{"@type":"ImageObject","inLanguage":"es","@id":"https:\/\/sof2.jmstudios.es\/#\/schema\/logo\/image\/","url":"https:\/\/sof2.jmstudios.es\/wp-content\/uploads\/2025\/10\/cropped-software_facil_logo-e1767484425268.png","contentUrl":"https:\/\/sof2.jmstudios.es\/wp-content\/uploads\/2025\/10\/cropped-software_facil_logo-e1767484425268.png","width":400,"height":114,"caption":"Software F\u00e1cil"},"image":{"@id":"https:\/\/sof2.jmstudios.es\/#\/schema\/logo\/image\/"}}]}},"_links":{"self":[{"href":"https:\/\/sof2.jmstudios.es\/index.php?rest_route=\/wp\/v2\/product\/1076","targetHints":{"allow":["GET"]}}],"collection":[{"href":"https:\/\/sof2.jmstudios.es\/index.php?rest_route=\/wp\/v2\/product"}],"about":[{"href":"https:\/\/sof2.jmstudios.es\/index.php?rest_route=\/wp\/v2\/types\/product"}],"replies":[{"embeddable":true,"href":"https:\/\/sof2.jmstudios.es\/index.php?rest_route=%2Fwp%2Fv2%2Fcomments&post=1076"}],"wp:featuredmedia":[{"embeddable":true,"href":"https:\/\/sof2.jmstudios.es\/index.php?rest_route=\/wp\/v2\/media\/1091"}],"wp:attachment":[{"href":"https:\/\/sof2.jmstudios.es\/index.php?rest_route=%2Fwp%2Fv2%2Fmedia&parent=1076"}],"wp:term":[{"taxonomy":"product_brand","embeddable":true,"href":"https:\/\/sof2.jmstudios.es\/index.php?rest_route=%2Fwp%2Fv2%2Fproduct_brand&post=1076"},{"taxonomy":"product_cat","embeddable":true,"href":"https:\/\/sof2.jmstudios.es\/index.php?rest_route=%2Fwp%2Fv2%2Fproduct_cat&post=1076"},{"taxonomy":"product_tag","embeddable":true,"href":"https:\/\/sof2.jmstudios.es\/index.php?rest_route=%2Fwp%2Fv2%2Fproduct_tag&post=1076"}],"curies":[{"name":"wp","href":"https:\/\/api.w.org\/{rel}","templated":true}]}}