{"id":1044,"date":"2025-10-24T18:28:51","date_gmt":"2025-10-24T16:28:51","guid":{"rendered":"https:\/\/sof2.jmstudios.es\/?post_type=product&#038;p=1044"},"modified":"2026-02-22T00:43:04","modified_gmt":"2026-02-21T23:43:04","slug":"licencia-avg-internet-security-2025","status":"publish","type":"product","link":"https:\/\/sof2.jmstudios.es\/?product=licencia-avg-internet-security-2025","title":{"rendered":"Licencia AVG Internet Security 2026"},"content":{"rendered":"<p>AVG Internet Security 2026<br \/>\ndestaca como la mejor opci\u00f3n disponible. Esta versi\u00f3n actualizada no solo supera a sus predecesores, sino que tambi\u00e9n incorpora numerosas funciones adicionales y una funcionalidad notablemente mejorada. Tanto en equipos como en dispositivos m\u00f3viles, como smartphones o tabletas, una licencia de AVG Internet Security garantiza protecci\u00f3n total contra todo tipo de malware y virus peligrosos. Adem\u00e1s, proporciona una defensa especial para datos sensibles durante transacciones en l\u00ednea, como compras o banca electr\u00f3nica.<\/p>\n<p>Las caracter\u00edsticas principales de AVG Internet Security:<br \/>\nProtecci\u00f3n antivirus avanzada: Detecta y elimina virus, malware y spyware para mantener tus dispositivos a salvo.<br \/>\nFirewall mejorado: Impide accesos no autorizados a tu red y resguarda tu informaci\u00f3n personal.<br \/>\nProtecci\u00f3n de la privacidad en l\u00ednea: Impide que hackers y empresas rastreen tu actividad en Internet, asegurando tu informaci\u00f3n personal.<br \/>\nDefensa contra phishing: Identifica y bloquea sitios web maliciosos que intentan robar tus datos confidenciales.<br \/>\nSeguridad en pagos y transacciones en l\u00ednea: Protege tus compras y operaciones bancarias en la web, evitando el robo de informaci\u00f3n financiera.<br \/>\nModo de juego sin interrupciones: Permite disfrutar de tus juegos en l\u00ednea sin interrupciones por notificaciones o actualizaciones.<br \/>\nActualizaciones de seguridad autom\u00e1ticas: Mantiene tu software siempre actualizado con las \u00faltimas defensas contra amenazas en l\u00ednea.<br \/>\nEscaneo de correos electr\u00f3nicos: Revisa archivos adjuntos y enlaces en tus correos electr\u00f3nicos para detectar posibles amenazas antes de que afecten tu sistema.<br \/>\nRequisitos m\u00ednimos del sistema<br \/>\nWindows 11, excepto Mixed Reality e IoT Edition; Windows 10 excepto M\u00f3vil e IoT Edition (32 o 64 bits); Windows 8\/8.1 excepto RT y Starter Edition (32 o 64 bits); Windows 7 SP1 con actualizaci\u00f3n rollup f\u00e1cil de usar, todas las ediciones (32 o 64 bits).<br \/>\nPC totalmente compatible con Windows con procesador Intel Pentium 4\/AMD Athlon 64 o superior (se requiere compatibilidad con instrucciones SSE3); no se admite Dispositivos basado en ARM.<br \/>\n1 GB de RAM o m\u00e1s 2 GB de espacio libre en el disco duro<br \/>\nConexi\u00f3n a Internet para descargar, activar y gestionar las actualizaciones de las aplicaciones y la base de datos del antivirus<br \/>\nLa resoluci\u00f3n \u00f3ptima recomendada para la pantalla de Standard es de al menos 1024 x 768 p\u00edxeles.<\/p>\n<p>Sistemas operativos compatibles todos<\/p>\n","protected":false},"excerpt":{"rendered":"<p>Licencia Original AVG Internet Security 2026<\/p>\n<p>Licencia global multiling\u00fce.<\/p>\n<p>AVG Internet Security es la soluci\u00f3n perfecta para proteger tu equipo y mantenerlo libre de amenazas.<br \/>\nLa entrega de la licencia no es inmediata, podemos tardar hasta 24 horas , normalmente son menos<br \/>\n1 dispositivo<\/p>\n<p>1 a\u00f1o<\/p>\n","protected":false},"featured_media":1048,"comment_status":"open","ping_status":"closed","template":"","meta":[],"product_brand":[],"product_cat":[67],"product_tag":[37,35],"class_list":{"0":"post-1044","1":"product","2":"type-product","3":"status-publish","4":"has-post-thumbnail","6":"product_cat-antivirus","7":"product_tag-licencia","8":"product_tag-sofware","10":"first","11":"instock","12":"virtual","13":"taxable","14":"purchasable","15":"product-type-simple"},"yoast_head":"<!-- This site is optimized with the Yoast SEO plugin v27.5 - https:\/\/yoast.com\/product\/yoast-seo-wordpress\/ -->\n<title>Licencia AVG Internet Security 2026 - Software F\u00e1cil<\/title>\n<meta name=\"robots\" content=\"noindex, follow, max-snippet:-1, max-image-preview:large, max-video-preview:-1\" \/>\n<meta property=\"og:locale\" content=\"es_ES\" \/>\n<meta property=\"og:type\" content=\"article\" \/>\n<meta property=\"og:title\" content=\"Licencia AVG Internet Security 2026 - Software F\u00e1cil\" \/>\n<meta property=\"og:description\" content=\"Licencia Original AVG Internet Security 2026  Licencia global multiling\u00fce.  AVG Internet Security es la soluci\u00f3n perfecta para proteger tu equipo y mantenerlo libre de amenazas. La entrega de la licencia no es inmediata, podemos tardar hasta 24 horas , normalmente son menos 1 dispositivo  1 a\u00f1o\" \/>\n<meta property=\"og:url\" content=\"https:\/\/sof2.jmstudios.es\/product\/licencia-avg-internet-security-2025\/\" \/>\n<meta property=\"og:site_name\" content=\"Software F\u00e1cil\" \/>\n<meta property=\"article:modified_time\" content=\"2026-02-21T23:43:04+00:00\" \/>\n<meta property=\"og:image\" content=\"https:\/\/sof2.jmstudios.es\/wp-content\/uploads\/2025\/10\/AVG-Internet-Security-600x600-1-e1771717198997.webp\" \/>\n\t<meta property=\"og:image:width\" content=\"415\" \/>\n\t<meta property=\"og:image:height\" content=\"526\" \/>\n\t<meta property=\"og:image:type\" content=\"image\/webp\" \/>\n<meta name=\"twitter:card\" content=\"summary_large_image\" \/>\n<meta name=\"twitter:label1\" content=\"Tiempo de lectura\" \/>\n\t<meta name=\"twitter:data1\" content=\"2 minutos\" \/>\n<script type=\"application\/ld+json\" class=\"yoast-schema-graph\">{\"@context\":\"https:\\\/\\\/schema.org\",\"@graph\":[{\"@type\":\"WebPage\",\"@id\":\"https:\\\/\\\/sof2.jmstudios.es\\\/product\\\/licencia-avg-internet-security-2025\\\/\",\"url\":\"https:\\\/\\\/sof2.jmstudios.es\\\/product\\\/licencia-avg-internet-security-2025\\\/\",\"name\":\"Licencia AVG Internet Security 2026 - Software F\u00e1cil\",\"isPartOf\":{\"@id\":\"https:\\\/\\\/sof2.jmstudios.es\\\/#website\"},\"primaryImageOfPage\":{\"@id\":\"https:\\\/\\\/sof2.jmstudios.es\\\/product\\\/licencia-avg-internet-security-2025\\\/#primaryimage\"},\"image\":{\"@id\":\"https:\\\/\\\/sof2.jmstudios.es\\\/product\\\/licencia-avg-internet-security-2025\\\/#primaryimage\"},\"thumbnailUrl\":\"https:\\\/\\\/sof2.jmstudios.es\\\/wp-content\\\/uploads\\\/2025\\\/10\\\/AVG-Internet-Security-600x600-1-e1771717198997.webp\",\"datePublished\":\"2025-10-24T16:28:51+00:00\",\"dateModified\":\"2026-02-21T23:43:04+00:00\",\"breadcrumb\":{\"@id\":\"https:\\\/\\\/sof2.jmstudios.es\\\/product\\\/licencia-avg-internet-security-2025\\\/#breadcrumb\"},\"inLanguage\":\"es\",\"potentialAction\":[{\"@type\":\"ReadAction\",\"target\":[\"https:\\\/\\\/sof2.jmstudios.es\\\/product\\\/licencia-avg-internet-security-2025\\\/\"]}]},{\"@type\":\"ImageObject\",\"inLanguage\":\"es\",\"@id\":\"https:\\\/\\\/sof2.jmstudios.es\\\/product\\\/licencia-avg-internet-security-2025\\\/#primaryimage\",\"url\":\"https:\\\/\\\/sof2.jmstudios.es\\\/wp-content\\\/uploads\\\/2025\\\/10\\\/AVG-Internet-Security-600x600-1-e1771717198997.webp\",\"contentUrl\":\"https:\\\/\\\/sof2.jmstudios.es\\\/wp-content\\\/uploads\\\/2025\\\/10\\\/AVG-Internet-Security-600x600-1-e1771717198997.webp\",\"width\":415,\"height\":526},{\"@type\":\"BreadcrumbList\",\"@id\":\"https:\\\/\\\/sof2.jmstudios.es\\\/product\\\/licencia-avg-internet-security-2025\\\/#breadcrumb\",\"itemListElement\":[{\"@type\":\"ListItem\",\"position\":1,\"name\":\"Portada\",\"item\":\"https:\\\/\\\/sof2.jmstudios.es\\\/\"},{\"@type\":\"ListItem\",\"position\":2,\"name\":\"Productos\",\"item\":\"https:\\\/\\\/sof2.jmstudios.es\\\/shop\\\/\"},{\"@type\":\"ListItem\",\"position\":3,\"name\":\"Licencia AVG Internet Security 2026\"}]},{\"@type\":\"WebSite\",\"@id\":\"https:\\\/\\\/sof2.jmstudios.es\\\/#website\",\"url\":\"https:\\\/\\\/sof2.jmstudios.es\\\/\",\"name\":\"Software F\u00e1cil\",\"description\":\" WooCommerce Template For Toy Store\",\"publisher\":{\"@id\":\"https:\\\/\\\/sof2.jmstudios.es\\\/#organization\"},\"potentialAction\":[{\"@type\":\"SearchAction\",\"target\":{\"@type\":\"EntryPoint\",\"urlTemplate\":\"https:\\\/\\\/sof2.jmstudios.es\\\/?s={search_term_string}\"},\"query-input\":{\"@type\":\"PropertyValueSpecification\",\"valueRequired\":true,\"valueName\":\"search_term_string\"}}],\"inLanguage\":\"es\"},{\"@type\":\"Organization\",\"@id\":\"https:\\\/\\\/sof2.jmstudios.es\\\/#organization\",\"name\":\"Software F\u00e1cil\",\"url\":\"https:\\\/\\\/sof2.jmstudios.es\\\/\",\"logo\":{\"@type\":\"ImageObject\",\"inLanguage\":\"es\",\"@id\":\"https:\\\/\\\/sof2.jmstudios.es\\\/#\\\/schema\\\/logo\\\/image\\\/\",\"url\":\"https:\\\/\\\/sof2.jmstudios.es\\\/wp-content\\\/uploads\\\/2025\\\/10\\\/cropped-software_facil_logo-e1767484425268.png\",\"contentUrl\":\"https:\\\/\\\/sof2.jmstudios.es\\\/wp-content\\\/uploads\\\/2025\\\/10\\\/cropped-software_facil_logo-e1767484425268.png\",\"width\":400,\"height\":114,\"caption\":\"Software F\u00e1cil\"},\"image\":{\"@id\":\"https:\\\/\\\/sof2.jmstudios.es\\\/#\\\/schema\\\/logo\\\/image\\\/\"}}]}<\/script>\n<!-- \/ Yoast SEO plugin. -->","yoast_head_json":{"title":"Licencia AVG Internet Security 2026 - Software F\u00e1cil","robots":{"index":"noindex","follow":"follow","max-snippet":"max-snippet:-1","max-image-preview":"max-image-preview:large","max-video-preview":"max-video-preview:-1"},"og_locale":"es_ES","og_type":"article","og_title":"Licencia AVG Internet Security 2026 - Software F\u00e1cil","og_description":"Licencia Original AVG Internet Security 2026  Licencia global multiling\u00fce.  AVG Internet Security es la soluci\u00f3n perfecta para proteger tu equipo y mantenerlo libre de amenazas. La entrega de la licencia no es inmediata, podemos tardar hasta 24 horas , normalmente son menos 1 dispositivo  1 a\u00f1o","og_url":"https:\/\/sof2.jmstudios.es\/product\/licencia-avg-internet-security-2025\/","og_site_name":"Software F\u00e1cil","article_modified_time":"2026-02-21T23:43:04+00:00","og_image":[{"width":415,"height":526,"url":"https:\/\/sof2.jmstudios.es\/wp-content\/uploads\/2025\/10\/AVG-Internet-Security-600x600-1-e1771717198997.webp","type":"image\/webp"}],"twitter_card":"summary_large_image","twitter_misc":{"Tiempo de lectura":"2 minutos"},"schema":{"@context":"https:\/\/schema.org","@graph":[{"@type":"WebPage","@id":"https:\/\/sof2.jmstudios.es\/product\/licencia-avg-internet-security-2025\/","url":"https:\/\/sof2.jmstudios.es\/product\/licencia-avg-internet-security-2025\/","name":"Licencia AVG Internet Security 2026 - Software F\u00e1cil","isPartOf":{"@id":"https:\/\/sof2.jmstudios.es\/#website"},"primaryImageOfPage":{"@id":"https:\/\/sof2.jmstudios.es\/product\/licencia-avg-internet-security-2025\/#primaryimage"},"image":{"@id":"https:\/\/sof2.jmstudios.es\/product\/licencia-avg-internet-security-2025\/#primaryimage"},"thumbnailUrl":"https:\/\/sof2.jmstudios.es\/wp-content\/uploads\/2025\/10\/AVG-Internet-Security-600x600-1-e1771717198997.webp","datePublished":"2025-10-24T16:28:51+00:00","dateModified":"2026-02-21T23:43:04+00:00","breadcrumb":{"@id":"https:\/\/sof2.jmstudios.es\/product\/licencia-avg-internet-security-2025\/#breadcrumb"},"inLanguage":"es","potentialAction":[{"@type":"ReadAction","target":["https:\/\/sof2.jmstudios.es\/product\/licencia-avg-internet-security-2025\/"]}]},{"@type":"ImageObject","inLanguage":"es","@id":"https:\/\/sof2.jmstudios.es\/product\/licencia-avg-internet-security-2025\/#primaryimage","url":"https:\/\/sof2.jmstudios.es\/wp-content\/uploads\/2025\/10\/AVG-Internet-Security-600x600-1-e1771717198997.webp","contentUrl":"https:\/\/sof2.jmstudios.es\/wp-content\/uploads\/2025\/10\/AVG-Internet-Security-600x600-1-e1771717198997.webp","width":415,"height":526},{"@type":"BreadcrumbList","@id":"https:\/\/sof2.jmstudios.es\/product\/licencia-avg-internet-security-2025\/#breadcrumb","itemListElement":[{"@type":"ListItem","position":1,"name":"Portada","item":"https:\/\/sof2.jmstudios.es\/"},{"@type":"ListItem","position":2,"name":"Productos","item":"https:\/\/sof2.jmstudios.es\/shop\/"},{"@type":"ListItem","position":3,"name":"Licencia AVG Internet Security 2026"}]},{"@type":"WebSite","@id":"https:\/\/sof2.jmstudios.es\/#website","url":"https:\/\/sof2.jmstudios.es\/","name":"Software F\u00e1cil","description":" WooCommerce Template For Toy Store","publisher":{"@id":"https:\/\/sof2.jmstudios.es\/#organization"},"potentialAction":[{"@type":"SearchAction","target":{"@type":"EntryPoint","urlTemplate":"https:\/\/sof2.jmstudios.es\/?s={search_term_string}"},"query-input":{"@type":"PropertyValueSpecification","valueRequired":true,"valueName":"search_term_string"}}],"inLanguage":"es"},{"@type":"Organization","@id":"https:\/\/sof2.jmstudios.es\/#organization","name":"Software F\u00e1cil","url":"https:\/\/sof2.jmstudios.es\/","logo":{"@type":"ImageObject","inLanguage":"es","@id":"https:\/\/sof2.jmstudios.es\/#\/schema\/logo\/image\/","url":"https:\/\/sof2.jmstudios.es\/wp-content\/uploads\/2025\/10\/cropped-software_facil_logo-e1767484425268.png","contentUrl":"https:\/\/sof2.jmstudios.es\/wp-content\/uploads\/2025\/10\/cropped-software_facil_logo-e1767484425268.png","width":400,"height":114,"caption":"Software F\u00e1cil"},"image":{"@id":"https:\/\/sof2.jmstudios.es\/#\/schema\/logo\/image\/"}}]}},"_links":{"self":[{"href":"https:\/\/sof2.jmstudios.es\/index.php?rest_route=\/wp\/v2\/product\/1044","targetHints":{"allow":["GET"]}}],"collection":[{"href":"https:\/\/sof2.jmstudios.es\/index.php?rest_route=\/wp\/v2\/product"}],"about":[{"href":"https:\/\/sof2.jmstudios.es\/index.php?rest_route=\/wp\/v2\/types\/product"}],"replies":[{"embeddable":true,"href":"https:\/\/sof2.jmstudios.es\/index.php?rest_route=%2Fwp%2Fv2%2Fcomments&post=1044"}],"wp:featuredmedia":[{"embeddable":true,"href":"https:\/\/sof2.jmstudios.es\/index.php?rest_route=\/wp\/v2\/media\/1048"}],"wp:attachment":[{"href":"https:\/\/sof2.jmstudios.es\/index.php?rest_route=%2Fwp%2Fv2%2Fmedia&parent=1044"}],"wp:term":[{"taxonomy":"product_brand","embeddable":true,"href":"https:\/\/sof2.jmstudios.es\/index.php?rest_route=%2Fwp%2Fv2%2Fproduct_brand&post=1044"},{"taxonomy":"product_cat","embeddable":true,"href":"https:\/\/sof2.jmstudios.es\/index.php?rest_route=%2Fwp%2Fv2%2Fproduct_cat&post=1044"},{"taxonomy":"product_tag","embeddable":true,"href":"https:\/\/sof2.jmstudios.es\/index.php?rest_route=%2Fwp%2Fv2%2Fproduct_tag&post=1044"}],"curies":[{"name":"wp","href":"https:\/\/api.w.org\/{rel}","templated":true}]}}