{"id":1015,"date":"2025-10-23T21:59:09","date_gmt":"2025-10-23T19:59:09","guid":{"rendered":"https:\/\/sof2.jmstudios.es\/?post_type=product&#038;p=1015"},"modified":"2026-02-22T01:08:13","modified_gmt":"2026-02-22T00:08:13","slug":"licencia-office-2024-ltsc-professional-plus","status":"publish","type":"product","link":"https:\/\/sof2.jmstudios.es\/?product=licencia-office-2024-ltsc-professional-plus","title":{"rendered":"Licencia Office 2024 LTSC Professional Plus"},"content":{"rendered":"<p>licencia Office 2024 para siempre<\/p>\n<p>Tenga en cuenta que esta licencia de Office 2024 no se asocia a cuenta de Microsoft ni puede descargarse desde setup.office.com, ya que Microsoft ha optado por un proceso de distribuci\u00f3n independiente para esta versi\u00f3n, optimizando as\u00ed la instalaci\u00f3n offline para entornos con restricciones de Internet.<\/p>\n<p>Compatibilidad mejorada: Office 2024 es compatible tanto con Windows 10 como con Windows 11 en todas sus versiones.<br \/>\nActualizaciones: Recibir\u00e1s actualizaciones y mejoras de seguridad de manera peri\u00f3dica, asegur\u00e1ndote de esta manera que tu software siempre est\u00e9 al d\u00eda.<br \/>\nColaboraci\u00f3n simult\u00e1nea: Gracias a las nuevas funciones de colaboraci\u00f3n simult\u00e1nea, podr\u00e1s trabajar con tu equipo de manera online en tiempo real.<\/p>\n<p>Office 2024 Professional Plus incluye una gama completa de aplicaciones de productividad dise\u00f1adas para satisfacer las necesidades de empresas y profesionales. Las aplicaciones principales son:<\/p>\n<p>Word 2024: Procesador de texto avanzado para crear, editar y compartir documentos.<br \/>\nExcel 2024: Herramienta poderosa para hojas de c\u00e1lculo, an\u00e1lisis de datos y creaci\u00f3n de gr\u00e1ficos.<br \/>\nPowerPoint 2024: Software para presentaciones din\u00e1micas con nuevas opciones de dise\u00f1o y animaci\u00f3n.<br \/>\nOutlook 2024: Administrador de correo electr\u00f3nico, calendario, contactos y tareas, con funciones avanzadas de organizaci\u00f3n.<br \/>\nAccess 2024: Sistema de gesti\u00f3n de bases de datos para crear y gestionar bases de datos relacionales.<br \/>\nAdem\u00e1s, incluye actualizaciones de seguridad y mejoras peri\u00f3dicas que garantizan un rendimiento \u00f3ptimo, junto con herramientas adicionales para facilitar la colaboraci\u00f3n y productividad en el entorno empresarial.<\/p>\n","protected":false},"excerpt":{"rendered":"<p>Office 2024 Professional Plus<\/p>\n<p>licencia vitalicia para un \u00fanico dispositivo.<br \/>\nIncluye clave de activaci\u00f3n y archivo de instalaci\u00f3n para descarga inmediata.<br \/>\nCompatible exclusivamente con Windows 10, Windows 11 y Windows Server 2019\/2021\/2025.<br \/>\nIdeal para particulares y empresas, con todas las herramientas premium de Office.<br \/>\nsoporte gratuito para cualquier consulta.<\/p>\n","protected":false},"featured_media":1016,"comment_status":"open","ping_status":"closed","template":"","meta":[],"product_brand":[],"product_cat":[66],"product_tag":[37,35],"class_list":{"0":"post-1015","1":"product","2":"type-product","3":"status-publish","4":"has-post-thumbnail","6":"product_cat-microsoft-office","7":"product_tag-licencia","8":"product_tag-sofware","10":"first","11":"instock","12":"sale","13":"virtual","14":"taxable","15":"purchasable","16":"product-type-simple"},"yoast_head":"<!-- This site is optimized with the Yoast SEO plugin v27.5 - https:\/\/yoast.com\/product\/yoast-seo-wordpress\/ -->\n<title>Licencia Office 2024 LTSC Professional Plus - Software F\u00e1cil<\/title>\n<meta name=\"robots\" content=\"noindex, follow, max-snippet:-1, max-image-preview:large, max-video-preview:-1\" \/>\n<meta property=\"og:locale\" content=\"es_ES\" \/>\n<meta property=\"og:type\" content=\"article\" \/>\n<meta property=\"og:title\" content=\"Licencia Office 2024 LTSC Professional Plus - Software F\u00e1cil\" \/>\n<meta property=\"og:description\" content=\"Office 2024 Professional Plus  licencia vitalicia para un \u00fanico dispositivo. Incluye clave de activaci\u00f3n y archivo de instalaci\u00f3n para descarga inmediata. Compatible exclusivamente con Windows 10, Windows 11 y Windows Server 2019\/2021\/2025. Ideal para particulares y empresas, con todas las herramientas premium de Office. soporte gratuito para cualquier consulta.\" \/>\n<meta property=\"og:url\" content=\"https:\/\/sof2.jmstudios.es\/product\/licencia-office-2024-ltsc-professional-plus\/\" \/>\n<meta property=\"og:site_name\" content=\"Software F\u00e1cil\" \/>\n<meta property=\"article:modified_time\" content=\"2026-02-22T00:08:13+00:00\" \/>\n<meta property=\"og:image\" content=\"https:\/\/sof2.jmstudios.es\/wp-content\/uploads\/2025\/10\/licencia-office-2024-pro-plus.png\" \/>\n\t<meta property=\"og:image:width\" content=\"900\" \/>\n\t<meta property=\"og:image:height\" content=\"900\" \/>\n\t<meta property=\"og:image:type\" content=\"image\/png\" \/>\n<meta name=\"twitter:card\" content=\"summary_large_image\" \/>\n<meta name=\"twitter:label1\" content=\"Tiempo de lectura\" \/>\n\t<meta name=\"twitter:data1\" content=\"2 minutos\" \/>\n<script type=\"application\/ld+json\" class=\"yoast-schema-graph\">{\"@context\":\"https:\\\/\\\/schema.org\",\"@graph\":[{\"@type\":\"WebPage\",\"@id\":\"https:\\\/\\\/sof2.jmstudios.es\\\/product\\\/licencia-office-2024-ltsc-professional-plus\\\/\",\"url\":\"https:\\\/\\\/sof2.jmstudios.es\\\/product\\\/licencia-office-2024-ltsc-professional-plus\\\/\",\"name\":\"Licencia Office 2024 LTSC Professional Plus - Software F\u00e1cil\",\"isPartOf\":{\"@id\":\"https:\\\/\\\/sof2.jmstudios.es\\\/#website\"},\"primaryImageOfPage\":{\"@id\":\"https:\\\/\\\/sof2.jmstudios.es\\\/product\\\/licencia-office-2024-ltsc-professional-plus\\\/#primaryimage\"},\"image\":{\"@id\":\"https:\\\/\\\/sof2.jmstudios.es\\\/product\\\/licencia-office-2024-ltsc-professional-plus\\\/#primaryimage\"},\"thumbnailUrl\":\"https:\\\/\\\/sof2.jmstudios.es\\\/wp-content\\\/uploads\\\/2025\\\/10\\\/licencia-office-2024-pro-plus.png\",\"datePublished\":\"2025-10-23T19:59:09+00:00\",\"dateModified\":\"2026-02-22T00:08:13+00:00\",\"breadcrumb\":{\"@id\":\"https:\\\/\\\/sof2.jmstudios.es\\\/product\\\/licencia-office-2024-ltsc-professional-plus\\\/#breadcrumb\"},\"inLanguage\":\"es\",\"potentialAction\":[{\"@type\":\"ReadAction\",\"target\":[\"https:\\\/\\\/sof2.jmstudios.es\\\/product\\\/licencia-office-2024-ltsc-professional-plus\\\/\"]}]},{\"@type\":\"ImageObject\",\"inLanguage\":\"es\",\"@id\":\"https:\\\/\\\/sof2.jmstudios.es\\\/product\\\/licencia-office-2024-ltsc-professional-plus\\\/#primaryimage\",\"url\":\"https:\\\/\\\/sof2.jmstudios.es\\\/wp-content\\\/uploads\\\/2025\\\/10\\\/licencia-office-2024-pro-plus.png\",\"contentUrl\":\"https:\\\/\\\/sof2.jmstudios.es\\\/wp-content\\\/uploads\\\/2025\\\/10\\\/licencia-office-2024-pro-plus.png\",\"width\":900,\"height\":900},{\"@type\":\"BreadcrumbList\",\"@id\":\"https:\\\/\\\/sof2.jmstudios.es\\\/product\\\/licencia-office-2024-ltsc-professional-plus\\\/#breadcrumb\",\"itemListElement\":[{\"@type\":\"ListItem\",\"position\":1,\"name\":\"Portada\",\"item\":\"https:\\\/\\\/sof2.jmstudios.es\\\/\"},{\"@type\":\"ListItem\",\"position\":2,\"name\":\"Productos\",\"item\":\"https:\\\/\\\/sof2.jmstudios.es\\\/shop\\\/\"},{\"@type\":\"ListItem\",\"position\":3,\"name\":\"Licencia Office 2024 LTSC Professional Plus\"}]},{\"@type\":\"WebSite\",\"@id\":\"https:\\\/\\\/sof2.jmstudios.es\\\/#website\",\"url\":\"https:\\\/\\\/sof2.jmstudios.es\\\/\",\"name\":\"Software F\u00e1cil\",\"description\":\" WooCommerce Template For Toy Store\",\"publisher\":{\"@id\":\"https:\\\/\\\/sof2.jmstudios.es\\\/#organization\"},\"potentialAction\":[{\"@type\":\"SearchAction\",\"target\":{\"@type\":\"EntryPoint\",\"urlTemplate\":\"https:\\\/\\\/sof2.jmstudios.es\\\/?s={search_term_string}\"},\"query-input\":{\"@type\":\"PropertyValueSpecification\",\"valueRequired\":true,\"valueName\":\"search_term_string\"}}],\"inLanguage\":\"es\"},{\"@type\":\"Organization\",\"@id\":\"https:\\\/\\\/sof2.jmstudios.es\\\/#organization\",\"name\":\"Software F\u00e1cil\",\"url\":\"https:\\\/\\\/sof2.jmstudios.es\\\/\",\"logo\":{\"@type\":\"ImageObject\",\"inLanguage\":\"es\",\"@id\":\"https:\\\/\\\/sof2.jmstudios.es\\\/#\\\/schema\\\/logo\\\/image\\\/\",\"url\":\"https:\\\/\\\/sof2.jmstudios.es\\\/wp-content\\\/uploads\\\/2025\\\/10\\\/cropped-software_facil_logo-e1767484425268.png\",\"contentUrl\":\"https:\\\/\\\/sof2.jmstudios.es\\\/wp-content\\\/uploads\\\/2025\\\/10\\\/cropped-software_facil_logo-e1767484425268.png\",\"width\":400,\"height\":114,\"caption\":\"Software F\u00e1cil\"},\"image\":{\"@id\":\"https:\\\/\\\/sof2.jmstudios.es\\\/#\\\/schema\\\/logo\\\/image\\\/\"}}]}<\/script>\n<!-- \/ Yoast SEO plugin. -->","yoast_head_json":{"title":"Licencia Office 2024 LTSC Professional Plus - Software F\u00e1cil","robots":{"index":"noindex","follow":"follow","max-snippet":"max-snippet:-1","max-image-preview":"max-image-preview:large","max-video-preview":"max-video-preview:-1"},"og_locale":"es_ES","og_type":"article","og_title":"Licencia Office 2024 LTSC Professional Plus - Software F\u00e1cil","og_description":"Office 2024 Professional Plus  licencia vitalicia para un \u00fanico dispositivo. Incluye clave de activaci\u00f3n y archivo de instalaci\u00f3n para descarga inmediata. Compatible exclusivamente con Windows 10, Windows 11 y Windows Server 2019\/2021\/2025. Ideal para particulares y empresas, con todas las herramientas premium de Office. soporte gratuito para cualquier consulta.","og_url":"https:\/\/sof2.jmstudios.es\/product\/licencia-office-2024-ltsc-professional-plus\/","og_site_name":"Software F\u00e1cil","article_modified_time":"2026-02-22T00:08:13+00:00","og_image":[{"width":900,"height":900,"url":"https:\/\/sof2.jmstudios.es\/wp-content\/uploads\/2025\/10\/licencia-office-2024-pro-plus.png","type":"image\/png"}],"twitter_card":"summary_large_image","twitter_misc":{"Tiempo de lectura":"2 minutos"},"schema":{"@context":"https:\/\/schema.org","@graph":[{"@type":"WebPage","@id":"https:\/\/sof2.jmstudios.es\/product\/licencia-office-2024-ltsc-professional-plus\/","url":"https:\/\/sof2.jmstudios.es\/product\/licencia-office-2024-ltsc-professional-plus\/","name":"Licencia Office 2024 LTSC Professional Plus - Software F\u00e1cil","isPartOf":{"@id":"https:\/\/sof2.jmstudios.es\/#website"},"primaryImageOfPage":{"@id":"https:\/\/sof2.jmstudios.es\/product\/licencia-office-2024-ltsc-professional-plus\/#primaryimage"},"image":{"@id":"https:\/\/sof2.jmstudios.es\/product\/licencia-office-2024-ltsc-professional-plus\/#primaryimage"},"thumbnailUrl":"https:\/\/sof2.jmstudios.es\/wp-content\/uploads\/2025\/10\/licencia-office-2024-pro-plus.png","datePublished":"2025-10-23T19:59:09+00:00","dateModified":"2026-02-22T00:08:13+00:00","breadcrumb":{"@id":"https:\/\/sof2.jmstudios.es\/product\/licencia-office-2024-ltsc-professional-plus\/#breadcrumb"},"inLanguage":"es","potentialAction":[{"@type":"ReadAction","target":["https:\/\/sof2.jmstudios.es\/product\/licencia-office-2024-ltsc-professional-plus\/"]}]},{"@type":"ImageObject","inLanguage":"es","@id":"https:\/\/sof2.jmstudios.es\/product\/licencia-office-2024-ltsc-professional-plus\/#primaryimage","url":"https:\/\/sof2.jmstudios.es\/wp-content\/uploads\/2025\/10\/licencia-office-2024-pro-plus.png","contentUrl":"https:\/\/sof2.jmstudios.es\/wp-content\/uploads\/2025\/10\/licencia-office-2024-pro-plus.png","width":900,"height":900},{"@type":"BreadcrumbList","@id":"https:\/\/sof2.jmstudios.es\/product\/licencia-office-2024-ltsc-professional-plus\/#breadcrumb","itemListElement":[{"@type":"ListItem","position":1,"name":"Portada","item":"https:\/\/sof2.jmstudios.es\/"},{"@type":"ListItem","position":2,"name":"Productos","item":"https:\/\/sof2.jmstudios.es\/shop\/"},{"@type":"ListItem","position":3,"name":"Licencia Office 2024 LTSC Professional Plus"}]},{"@type":"WebSite","@id":"https:\/\/sof2.jmstudios.es\/#website","url":"https:\/\/sof2.jmstudios.es\/","name":"Software F\u00e1cil","description":" WooCommerce Template For Toy Store","publisher":{"@id":"https:\/\/sof2.jmstudios.es\/#organization"},"potentialAction":[{"@type":"SearchAction","target":{"@type":"EntryPoint","urlTemplate":"https:\/\/sof2.jmstudios.es\/?s={search_term_string}"},"query-input":{"@type":"PropertyValueSpecification","valueRequired":true,"valueName":"search_term_string"}}],"inLanguage":"es"},{"@type":"Organization","@id":"https:\/\/sof2.jmstudios.es\/#organization","name":"Software F\u00e1cil","url":"https:\/\/sof2.jmstudios.es\/","logo":{"@type":"ImageObject","inLanguage":"es","@id":"https:\/\/sof2.jmstudios.es\/#\/schema\/logo\/image\/","url":"https:\/\/sof2.jmstudios.es\/wp-content\/uploads\/2025\/10\/cropped-software_facil_logo-e1767484425268.png","contentUrl":"https:\/\/sof2.jmstudios.es\/wp-content\/uploads\/2025\/10\/cropped-software_facil_logo-e1767484425268.png","width":400,"height":114,"caption":"Software F\u00e1cil"},"image":{"@id":"https:\/\/sof2.jmstudios.es\/#\/schema\/logo\/image\/"}}]}},"_links":{"self":[{"href":"https:\/\/sof2.jmstudios.es\/index.php?rest_route=\/wp\/v2\/product\/1015","targetHints":{"allow":["GET"]}}],"collection":[{"href":"https:\/\/sof2.jmstudios.es\/index.php?rest_route=\/wp\/v2\/product"}],"about":[{"href":"https:\/\/sof2.jmstudios.es\/index.php?rest_route=\/wp\/v2\/types\/product"}],"replies":[{"embeddable":true,"href":"https:\/\/sof2.jmstudios.es\/index.php?rest_route=%2Fwp%2Fv2%2Fcomments&post=1015"}],"wp:featuredmedia":[{"embeddable":true,"href":"https:\/\/sof2.jmstudios.es\/index.php?rest_route=\/wp\/v2\/media\/1016"}],"wp:attachment":[{"href":"https:\/\/sof2.jmstudios.es\/index.php?rest_route=%2Fwp%2Fv2%2Fmedia&parent=1015"}],"wp:term":[{"taxonomy":"product_brand","embeddable":true,"href":"https:\/\/sof2.jmstudios.es\/index.php?rest_route=%2Fwp%2Fv2%2Fproduct_brand&post=1015"},{"taxonomy":"product_cat","embeddable":true,"href":"https:\/\/sof2.jmstudios.es\/index.php?rest_route=%2Fwp%2Fv2%2Fproduct_cat&post=1015"},{"taxonomy":"product_tag","embeddable":true,"href":"https:\/\/sof2.jmstudios.es\/index.php?rest_route=%2Fwp%2Fv2%2Fproduct_tag&post=1015"}],"curies":[{"name":"wp","href":"https:\/\/api.w.org\/{rel}","templated":true}]}}