{"id":1013,"date":"2025-10-23T21:57:53","date_gmt":"2025-10-23T19:57:53","guid":{"rendered":"https:\/\/sof2.jmstudios.es\/?post_type=product&#038;p=1013"},"modified":"2026-02-22T01:14:12","modified_gmt":"2026-02-22T00:14:12","slug":"licencia-office-2024-hogar-y-empresas-para-mac-y-windows","status":"publish","type":"product","link":"https:\/\/sof2.jmstudios.es\/?product=licencia-office-2024-hogar-y-empresas-para-mac-y-windows","title":{"rendered":"Licencia Office 2024 Hogar y Empresas (Para MAC y Windows)"},"content":{"rendered":"<p>Office 2024 Hogar y Empresas para Mac y Windows<\/p>\n<p>Con esta versi\u00f3n de compra \u00fanica, tendr\u00e1s acceso a las aplicaciones cl\u00e1sicas de Office que te ayudan a trabajar de forma m\u00e1s eficiente, sin preocuparte por suscripciones o pagos recurrentes.<\/p>\n<p>Como es habitual en todos los paquetes de Office en su versi\u00f3n Hogar y Empresas, incluye Word, Excel, PowerPoint, Outlook y OneNote, todo lo que necesitas para crear documentos profesionales, gestionar tu correo y organizar tus proyectos. Adem\u00e1s, gracias a su integraci\u00f3n mejorada con OneDrive, podr\u00e1s acceder a tus archivos desde cualquier lugar y trabajar en tiempo real con otros usuarios.<\/p>\n<p>El Office 2024 Hogar y Empresas est\u00e1 optimizado para Windows (Windows 10 y Windows 11) y Mac en sus \u00faltimas tres versiones (Sonoma, Ventura y Monterey), siendo la opci\u00f3n perfecta para quienes buscan una soluci\u00f3n confiable y potente para su trabajo diario. Ideal tanto para peque\u00f1as empresas como para aut\u00f3nomos que necesitan herramientas de calidad, \u00a1sin la necesidad de una suscripci\u00f3n mensual!<\/p>\n<p>Seguridad mejorada: protege tus correos y archivos con las \u00faltimas actualizaciones de seguridad de Microsoft.<br \/>\nInstalaci\u00f3n en un solo dispositivo (PC o Mac).<br \/>\nInstalar y activar Office 2024 Hogar y Empresas es muy sencillo<br \/>\nJunto con la clave de activaci\u00f3n te enviamos un PDF con las instrucciones para que puedas descargar, instalar y activar Office 2024 Hogar y Empresas.<\/p>\n","protected":false},"excerpt":{"rendered":"<p>ompatible con MacOS y Windows 10 y 11<\/p>\n<p>La licencia de Office 2024 Hogar y Empresas es nueva 100% original.<br \/>\nV\u00e1lida para Windows 10, 11 y MacOS Sonoma, Ventura y Monterey.<br \/>\nSe puede cambiar de equipo cada vez que quieras. (Solo se puede usar en un equipo a la vez), puedes reinstalarla tantas veces como necesites.<br \/>\nEsta licencia se asocia a tu cuenta de Microsoft. Siempre la tendr\u00e1s disponible en accounts.microsoft.com<br \/>\nservicio de atenci\u00f3n al cliente gratis<\/p>\n","protected":false},"featured_media":1014,"comment_status":"open","ping_status":"closed","template":"","meta":[],"product_brand":[],"product_cat":[66],"product_tag":[37,35],"class_list":{"0":"post-1013","1":"product","2":"type-product","3":"status-publish","4":"has-post-thumbnail","6":"product_cat-microsoft-office","7":"product_tag-licencia","8":"product_tag-sofware","10":"first","11":"instock","12":"virtual","13":"taxable","14":"purchasable","15":"product-type-simple"},"yoast_head":"<!-- This site is optimized with the Yoast SEO plugin v27.5 - https:\/\/yoast.com\/product\/yoast-seo-wordpress\/ -->\n<title>Licencia Office 2024 Hogar y Empresas (Para MAC y Windows) - Software F\u00e1cil<\/title>\n<meta name=\"robots\" content=\"noindex, follow, max-snippet:-1, max-image-preview:large, max-video-preview:-1\" \/>\n<meta property=\"og:locale\" content=\"es_ES\" \/>\n<meta property=\"og:type\" content=\"article\" \/>\n<meta property=\"og:title\" content=\"Licencia Office 2024 Hogar y Empresas (Para MAC y Windows) - Software F\u00e1cil\" \/>\n<meta property=\"og:description\" content=\"ompatible con MacOS y Windows 10 y 11  La licencia de Office 2024 Hogar y Empresas es nueva 100% original. V\u00e1lida para Windows 10, 11 y MacOS Sonoma, Ventura y Monterey. Se puede cambiar de equipo cada vez que quieras. (Solo se puede usar en un equipo a la vez), puedes reinstalarla tantas veces como necesites. Esta licencia se asocia a tu cuenta de Microsoft. Siempre la tendr\u00e1s disponible en accounts.microsoft.com servicio de atenci\u00f3n al cliente gratis\" \/>\n<meta property=\"og:url\" content=\"https:\/\/sof2.jmstudios.es\/product\/licencia-office-2024-hogar-y-empresas-para-mac-y-windows\/\" \/>\n<meta property=\"og:site_name\" content=\"Software F\u00e1cil\" \/>\n<meta property=\"article:modified_time\" content=\"2026-02-22T00:14:12+00:00\" \/>\n<meta property=\"og:image\" content=\"https:\/\/sof2.jmstudios.es\/wp-content\/uploads\/2025\/10\/Office-2024-Hogar-Empresas.webp\" \/>\n\t<meta property=\"og:image:width\" content=\"800\" \/>\n\t<meta property=\"og:image:height\" content=\"796\" \/>\n\t<meta property=\"og:image:type\" content=\"image\/webp\" \/>\n<meta name=\"twitter:card\" content=\"summary_large_image\" \/>\n<meta name=\"twitter:label1\" content=\"Tiempo de lectura\" \/>\n\t<meta name=\"twitter:data1\" content=\"2 minutos\" \/>\n<script type=\"application\/ld+json\" class=\"yoast-schema-graph\">{\"@context\":\"https:\\\/\\\/schema.org\",\"@graph\":[{\"@type\":\"WebPage\",\"@id\":\"https:\\\/\\\/sof2.jmstudios.es\\\/product\\\/licencia-office-2024-hogar-y-empresas-para-mac-y-windows\\\/\",\"url\":\"https:\\\/\\\/sof2.jmstudios.es\\\/product\\\/licencia-office-2024-hogar-y-empresas-para-mac-y-windows\\\/\",\"name\":\"Licencia Office 2024 Hogar y Empresas (Para MAC y Windows) - Software F\u00e1cil\",\"isPartOf\":{\"@id\":\"https:\\\/\\\/sof2.jmstudios.es\\\/#website\"},\"primaryImageOfPage\":{\"@id\":\"https:\\\/\\\/sof2.jmstudios.es\\\/product\\\/licencia-office-2024-hogar-y-empresas-para-mac-y-windows\\\/#primaryimage\"},\"image\":{\"@id\":\"https:\\\/\\\/sof2.jmstudios.es\\\/product\\\/licencia-office-2024-hogar-y-empresas-para-mac-y-windows\\\/#primaryimage\"},\"thumbnailUrl\":\"https:\\\/\\\/sof2.jmstudios.es\\\/wp-content\\\/uploads\\\/2025\\\/10\\\/Office-2024-Hogar-Empresas.webp\",\"datePublished\":\"2025-10-23T19:57:53+00:00\",\"dateModified\":\"2026-02-22T00:14:12+00:00\",\"breadcrumb\":{\"@id\":\"https:\\\/\\\/sof2.jmstudios.es\\\/product\\\/licencia-office-2024-hogar-y-empresas-para-mac-y-windows\\\/#breadcrumb\"},\"inLanguage\":\"es\",\"potentialAction\":[{\"@type\":\"ReadAction\",\"target\":[\"https:\\\/\\\/sof2.jmstudios.es\\\/product\\\/licencia-office-2024-hogar-y-empresas-para-mac-y-windows\\\/\"]}]},{\"@type\":\"ImageObject\",\"inLanguage\":\"es\",\"@id\":\"https:\\\/\\\/sof2.jmstudios.es\\\/product\\\/licencia-office-2024-hogar-y-empresas-para-mac-y-windows\\\/#primaryimage\",\"url\":\"https:\\\/\\\/sof2.jmstudios.es\\\/wp-content\\\/uploads\\\/2025\\\/10\\\/Office-2024-Hogar-Empresas.webp\",\"contentUrl\":\"https:\\\/\\\/sof2.jmstudios.es\\\/wp-content\\\/uploads\\\/2025\\\/10\\\/Office-2024-Hogar-Empresas.webp\",\"width\":800,\"height\":796},{\"@type\":\"BreadcrumbList\",\"@id\":\"https:\\\/\\\/sof2.jmstudios.es\\\/product\\\/licencia-office-2024-hogar-y-empresas-para-mac-y-windows\\\/#breadcrumb\",\"itemListElement\":[{\"@type\":\"ListItem\",\"position\":1,\"name\":\"Portada\",\"item\":\"https:\\\/\\\/sof2.jmstudios.es\\\/\"},{\"@type\":\"ListItem\",\"position\":2,\"name\":\"Productos\",\"item\":\"https:\\\/\\\/sof2.jmstudios.es\\\/shop\\\/\"},{\"@type\":\"ListItem\",\"position\":3,\"name\":\"Licencia Office 2024 Hogar y Empresas (Para MAC y Windows)\"}]},{\"@type\":\"WebSite\",\"@id\":\"https:\\\/\\\/sof2.jmstudios.es\\\/#website\",\"url\":\"https:\\\/\\\/sof2.jmstudios.es\\\/\",\"name\":\"Software F\u00e1cil\",\"description\":\" WooCommerce Template For Toy Store\",\"publisher\":{\"@id\":\"https:\\\/\\\/sof2.jmstudios.es\\\/#organization\"},\"potentialAction\":[{\"@type\":\"SearchAction\",\"target\":{\"@type\":\"EntryPoint\",\"urlTemplate\":\"https:\\\/\\\/sof2.jmstudios.es\\\/?s={search_term_string}\"},\"query-input\":{\"@type\":\"PropertyValueSpecification\",\"valueRequired\":true,\"valueName\":\"search_term_string\"}}],\"inLanguage\":\"es\"},{\"@type\":\"Organization\",\"@id\":\"https:\\\/\\\/sof2.jmstudios.es\\\/#organization\",\"name\":\"Software F\u00e1cil\",\"url\":\"https:\\\/\\\/sof2.jmstudios.es\\\/\",\"logo\":{\"@type\":\"ImageObject\",\"inLanguage\":\"es\",\"@id\":\"https:\\\/\\\/sof2.jmstudios.es\\\/#\\\/schema\\\/logo\\\/image\\\/\",\"url\":\"https:\\\/\\\/sof2.jmstudios.es\\\/wp-content\\\/uploads\\\/2025\\\/10\\\/cropped-software_facil_logo-e1767484425268.png\",\"contentUrl\":\"https:\\\/\\\/sof2.jmstudios.es\\\/wp-content\\\/uploads\\\/2025\\\/10\\\/cropped-software_facil_logo-e1767484425268.png\",\"width\":400,\"height\":114,\"caption\":\"Software F\u00e1cil\"},\"image\":{\"@id\":\"https:\\\/\\\/sof2.jmstudios.es\\\/#\\\/schema\\\/logo\\\/image\\\/\"}}]}<\/script>\n<!-- \/ Yoast SEO plugin. -->","yoast_head_json":{"title":"Licencia Office 2024 Hogar y Empresas (Para MAC y Windows) - Software F\u00e1cil","robots":{"index":"noindex","follow":"follow","max-snippet":"max-snippet:-1","max-image-preview":"max-image-preview:large","max-video-preview":"max-video-preview:-1"},"og_locale":"es_ES","og_type":"article","og_title":"Licencia Office 2024 Hogar y Empresas (Para MAC y Windows) - Software F\u00e1cil","og_description":"ompatible con MacOS y Windows 10 y 11  La licencia de Office 2024 Hogar y Empresas es nueva 100% original. V\u00e1lida para Windows 10, 11 y MacOS Sonoma, Ventura y Monterey. Se puede cambiar de equipo cada vez que quieras. (Solo se puede usar en un equipo a la vez), puedes reinstalarla tantas veces como necesites. Esta licencia se asocia a tu cuenta de Microsoft. Siempre la tendr\u00e1s disponible en accounts.microsoft.com servicio de atenci\u00f3n al cliente gratis","og_url":"https:\/\/sof2.jmstudios.es\/product\/licencia-office-2024-hogar-y-empresas-para-mac-y-windows\/","og_site_name":"Software F\u00e1cil","article_modified_time":"2026-02-22T00:14:12+00:00","og_image":[{"width":800,"height":796,"url":"https:\/\/sof2.jmstudios.es\/wp-content\/uploads\/2025\/10\/Office-2024-Hogar-Empresas.webp","type":"image\/webp"}],"twitter_card":"summary_large_image","twitter_misc":{"Tiempo de lectura":"2 minutos"},"schema":{"@context":"https:\/\/schema.org","@graph":[{"@type":"WebPage","@id":"https:\/\/sof2.jmstudios.es\/product\/licencia-office-2024-hogar-y-empresas-para-mac-y-windows\/","url":"https:\/\/sof2.jmstudios.es\/product\/licencia-office-2024-hogar-y-empresas-para-mac-y-windows\/","name":"Licencia Office 2024 Hogar y Empresas (Para MAC y Windows) - Software F\u00e1cil","isPartOf":{"@id":"https:\/\/sof2.jmstudios.es\/#website"},"primaryImageOfPage":{"@id":"https:\/\/sof2.jmstudios.es\/product\/licencia-office-2024-hogar-y-empresas-para-mac-y-windows\/#primaryimage"},"image":{"@id":"https:\/\/sof2.jmstudios.es\/product\/licencia-office-2024-hogar-y-empresas-para-mac-y-windows\/#primaryimage"},"thumbnailUrl":"https:\/\/sof2.jmstudios.es\/wp-content\/uploads\/2025\/10\/Office-2024-Hogar-Empresas.webp","datePublished":"2025-10-23T19:57:53+00:00","dateModified":"2026-02-22T00:14:12+00:00","breadcrumb":{"@id":"https:\/\/sof2.jmstudios.es\/product\/licencia-office-2024-hogar-y-empresas-para-mac-y-windows\/#breadcrumb"},"inLanguage":"es","potentialAction":[{"@type":"ReadAction","target":["https:\/\/sof2.jmstudios.es\/product\/licencia-office-2024-hogar-y-empresas-para-mac-y-windows\/"]}]},{"@type":"ImageObject","inLanguage":"es","@id":"https:\/\/sof2.jmstudios.es\/product\/licencia-office-2024-hogar-y-empresas-para-mac-y-windows\/#primaryimage","url":"https:\/\/sof2.jmstudios.es\/wp-content\/uploads\/2025\/10\/Office-2024-Hogar-Empresas.webp","contentUrl":"https:\/\/sof2.jmstudios.es\/wp-content\/uploads\/2025\/10\/Office-2024-Hogar-Empresas.webp","width":800,"height":796},{"@type":"BreadcrumbList","@id":"https:\/\/sof2.jmstudios.es\/product\/licencia-office-2024-hogar-y-empresas-para-mac-y-windows\/#breadcrumb","itemListElement":[{"@type":"ListItem","position":1,"name":"Portada","item":"https:\/\/sof2.jmstudios.es\/"},{"@type":"ListItem","position":2,"name":"Productos","item":"https:\/\/sof2.jmstudios.es\/shop\/"},{"@type":"ListItem","position":3,"name":"Licencia Office 2024 Hogar y Empresas (Para MAC y Windows)"}]},{"@type":"WebSite","@id":"https:\/\/sof2.jmstudios.es\/#website","url":"https:\/\/sof2.jmstudios.es\/","name":"Software F\u00e1cil","description":" WooCommerce Template For Toy Store","publisher":{"@id":"https:\/\/sof2.jmstudios.es\/#organization"},"potentialAction":[{"@type":"SearchAction","target":{"@type":"EntryPoint","urlTemplate":"https:\/\/sof2.jmstudios.es\/?s={search_term_string}"},"query-input":{"@type":"PropertyValueSpecification","valueRequired":true,"valueName":"search_term_string"}}],"inLanguage":"es"},{"@type":"Organization","@id":"https:\/\/sof2.jmstudios.es\/#organization","name":"Software F\u00e1cil","url":"https:\/\/sof2.jmstudios.es\/","logo":{"@type":"ImageObject","inLanguage":"es","@id":"https:\/\/sof2.jmstudios.es\/#\/schema\/logo\/image\/","url":"https:\/\/sof2.jmstudios.es\/wp-content\/uploads\/2025\/10\/cropped-software_facil_logo-e1767484425268.png","contentUrl":"https:\/\/sof2.jmstudios.es\/wp-content\/uploads\/2025\/10\/cropped-software_facil_logo-e1767484425268.png","width":400,"height":114,"caption":"Software F\u00e1cil"},"image":{"@id":"https:\/\/sof2.jmstudios.es\/#\/schema\/logo\/image\/"}}]}},"_links":{"self":[{"href":"https:\/\/sof2.jmstudios.es\/index.php?rest_route=\/wp\/v2\/product\/1013","targetHints":{"allow":["GET"]}}],"collection":[{"href":"https:\/\/sof2.jmstudios.es\/index.php?rest_route=\/wp\/v2\/product"}],"about":[{"href":"https:\/\/sof2.jmstudios.es\/index.php?rest_route=\/wp\/v2\/types\/product"}],"replies":[{"embeddable":true,"href":"https:\/\/sof2.jmstudios.es\/index.php?rest_route=%2Fwp%2Fv2%2Fcomments&post=1013"}],"wp:featuredmedia":[{"embeddable":true,"href":"https:\/\/sof2.jmstudios.es\/index.php?rest_route=\/wp\/v2\/media\/1014"}],"wp:attachment":[{"href":"https:\/\/sof2.jmstudios.es\/index.php?rest_route=%2Fwp%2Fv2%2Fmedia&parent=1013"}],"wp:term":[{"taxonomy":"product_brand","embeddable":true,"href":"https:\/\/sof2.jmstudios.es\/index.php?rest_route=%2Fwp%2Fv2%2Fproduct_brand&post=1013"},{"taxonomy":"product_cat","embeddable":true,"href":"https:\/\/sof2.jmstudios.es\/index.php?rest_route=%2Fwp%2Fv2%2Fproduct_cat&post=1013"},{"taxonomy":"product_tag","embeddable":true,"href":"https:\/\/sof2.jmstudios.es\/index.php?rest_route=%2Fwp%2Fv2%2Fproduct_tag&post=1013"}],"curies":[{"name":"wp","href":"https:\/\/api.w.org\/{rel}","templated":true}]}}